vide 24099?
False
Does 250 divide 201299?
False
Is 86625 a multiple of 21?
True
Is 488451 a multiple of 2?
False
Is 1354 a factor of 1830608?
True
Is 155848 a multiple of 14?
True
Is 314091 a multiple of 235?
False
Is 4 a factor of 2108204?
True
Is 7 a factor of 353318?
True
Is 498 a factor of 7329066?
True
Does 388 divide 18917716?
True
Is 1635156 a multiple of 159?
True
Is 43810 a multiple of 37?
False
Is 578544 a multiple of 52?
False
Does 272 divide 8630560?
True
Does 27 divide 53561?
False
Is 1493 a factor of 1966541?
False
Is 17 a factor of 277651?
False
Is 144616 a multiple of 104?
False
Does 80 divide 6137840?
True
Does 47 divide 3898979?
True
Is 7644 a multiple of 28?
True
Is 331490 a multiple of 508?
False
Is 43 a factor of 455001?
False
Is 7 a factor of 5598860?
False
Is 2587625 a multiple of 281?
False
Is 190 a factor of 4707820?
True
Does 162 divide 6435288?
True
Is 39 a factor of 943867?
False
Does 175 divide 4499874?
False
Is 1067498 a multiple of 71?
False
Is 5 a factor of 37775?
True
Does 119 divide 402079?
False
Is 5 a factor of 136975?
True
Is 10025546 a multiple of 120?
False
Does 294 divide 172080?
False
Is 115628 a multiple of 274?
True
Is 277 a factor of 22086872?
True
Is 20 a factor of 604523?
False
Is 3046693 a multiple of 368?
False
Does 852 divide 1780101?
False
Does 440 divide 11987122?
False
Is 76015 a multiple of 11?
False
Is 13 a factor of 4683783?
True
Does 15 divide 1359045?
True
Is 242500 a multiple of 500?
True
Is 90414 a multiple of 58?
False
Is 500566 a multiple of 746?
True
Is 2 a factor of 22576?
True
Does 8 divide 21416?
True
Does 588 divide 760284?
True
Is 41 a factor of 75358?
True
Does 3 divide 269055?
True
Does 70 divide 1442560?
True
Is 4713910 a multiple of 105?
False
Is 10 a factor of 27720510?
True
Is 12 a factor of 101273?
False
Is 15 a factor of 2419982?
False
Does 17 divide 1825436?
False
Is 37 a factor of 639852?
False
Is 257 a factor of 2073442?
False
Is 5004308 a multiple of 127?
True
Does 18 divide 355785?
False
Is 58813 a multiple of 12?
False
Is 13 a factor of 59880?
False
Does 36 divide 2518668?
True
Does 30 divide 44181?
False
Is 16968 a multiple of 6?
True
Does 15 divide 374055?
True
Is 749 a factor of 4674368?
False
Does 347 divide 238736?
True
Is 113394 a multiple of 6?
True
Is 61 a factor of 20040809?
False
Does 6 divide 285666?
True
Is 6047833 a multiple of 209?
True
Is 16 a factor of 12836459?
False
Is 1545 even?
False
Does 36 divide 207509?
False
Does 30 divide 11390978?
False
Is 203 a factor of 16252383?
True
Is 14693 a multiple of 17?
False
Does 679 divide 5223547?
True
Does 110 divide 642400?
True
Is 52070 a multiple of 12?
False
Is 1490670 a multiple of 13?
False
Is 39 a factor of 2425098?
True
Does 14 divide 11459364?
True
Is 28 a factor of 80668?
True
Is 124796 a multiple of 28?
True
Is 3380 a multiple of 260?
True
Is 233 a factor of 101588?
True
Is 13 a factor of 7566893?
False
Is 15585518 a multiple of 1634?
False
Is 1664580 a multiple of 60?
True
Is 4783646 a multiple of 14?
True
Is 4987224 a multiple of 1188?
True
Is 3726184 a multiple of 526?
True
Is 9 a factor of 3806937?
True
Is 58 a factor of 331945?
False
Is 147 a factor of 307671?
True
Is 20282 even?
True
Does 9 divide 10235?
False
Is 83811 a multiple of 19?
False
Does 20 divide 1552085?
False
Is 391 a factor of 26588?
True
Is 34390 a multiple of 4?
False
Is 106 a factor of 9159?
False
Is 407 a factor of 3879117?
True
Is 309 a factor of 14937369?
True
Is 5726 a multiple of 383?
False
Is 59113 a multiple of 5?
False
Is 153 a factor of 35106?
False
Is 1373452 a multiple of 5?
False
Is 349487 a multiple of 141?
False
Is 114 a factor of 47310?
True
Is 1176861 a multiple of 41?
False
Does 44 divide 700674?
False
Is 17 a factor of 338682?
False
Does 158 divide 14379738?
True
Is 51 a factor of 19107349?
False
Is 46 a factor of 57204?
False
Is 3443434 a multiple of 38?
False
Is 167 a factor of 29967?
False
Is 356100 a multiple of 263?
False
Is 102723 a multiple of 79?
False
Is 1543846 a multiple of 5?
False
Is 30 a factor of 1107030?
True
Is 172620 a multiple of 14?
True
Does 282 divide 327402?
True
Does 594 divide 3721321?
False
Does 355 divide 1325648?
False
Is 127 a factor of 811408?
False
Is 767 a factor of 1115985?
True
Does 62 divide 4170360?
False
Is 90 a factor of 2440365?
False
Does 32 divide 623776?
True
Is 1415371 a multiple of 27?
False
Is 195993 a multiple of 357?
True
Is 1341420 a multiple of 12?
True
Is 5525100 a multiple of 140?
True
Does 9 divide 13392594?
True
Is 16 a factor of 135928?
False
Does 85 divide 4186389?
False
Does 1030 divide 21230360?
True
Does 7 divide 28979?
False
Is 34 a factor of 161602?
True
Is 3912 a multiple of 91?
False
Is 52 a factor of 1070940?
True
Is 123172 a multiple of 166?
True
Is 69 a factor of 430422?
True
Does 7 divide 94629?
False
Is 17316315 a multiple of 27?
True
Is 15 a factor of 594802?
False
Does 777 divide 6212115?
True
Is 55017 a multiple of 161?
False
Is 1155100 a multiple of 293?
False
Is 9 a factor of 954765?
True
Is 18 a factor of 5195304?
True
Is 273376 a multiple of 32?
True
Does 11 divide 9941855?
True
Is 603750 a multiple of 151?
False
Is 318562 a multiple of 20?
False
Does 15 divide 46649?
False
Is 3406625 a multiple of 107?
False
Is 45 a factor of 354150?
True
Is 157611 a multiple of 32?
False
Does 153 divide 573444?
True
Is 183547 a multiple of 77?
False
Is 2917367 a multiple of 1448?
False
Does 178 divide 324316?
True
Does 8 divide 6116768?
True
Does 14 divide 4808596?
False
Is 101 a factor of 298758?
True
Is 972843 a multiple of 47?
False
Is 50 a factor of 17294?
False
Is 95 a factor of 3437105?
False
Is 27 a factor of 71468?
False
Is 11 a factor of 42702?
True
Does 10 divide 34510?
True
Is 1254788 a multiple of 35?
False
Is 76092 a multiple of 68?
True
Is 160704 a multiple of 124?
True
Is 775468 a multiple of 23?
True
Is 379 a factor of 22552774?
True
Is 62 a factor of 32837?
False
Is 207 a factor of 1621224?
True
Is 171652 a multiple of 26?
True
Does 61 divide 307079?
False
Does 22 divide 219780?
True
Does 75 divide 64425?
True
Is 5625738 a multiple of 106?
True
Does 326 divide 41369?
False
Is 182 a factor of 252798?
True
Is 11772 a multiple of 9?
True
Is 679257 a multiple of 71?
True
Is 840446 a multiple of 29?
False
Is 104180 a multiple of 8?
False
Is 184629 a multiple of 5?
False
Does 261 divide 389673?
True
Is 9 a factor of 82428?
False
Is 3991224 a multiple of 8?
True
Is 7 a factor of 384190?
False
Is 10 a factor of 93751?
False
Is 304 a factor of 569392?
True
Does 12 divide 101256?
True
Is 446 a factor of 282165?
False
Is 185 a factor of 1708741?
False
Is 166 a factor of 1070284?
False
Is 42 a factor of 228765?
False
Is 6959 a multiple of 96?
False
Does 30 divide 7628294?
False
Is 3 a factor of 778680?
True
Is 134 a factor of 1203186?
True
Is 108 a factor of 194508?
True
Is 503101 a multiple of 10?
False
Is 7 a factor of 9810?
False
Is 83 a factor of 4747185?
True
Does 40 divide 17507?
False
Is 13 a factor of 20235917?
True
Does 142 divide 286509?
False
Is 627982 a multiple of 7?
False
Is 2203456 a multiple of 187?
False
Does 493 divide 6140808?
True
Is 8 a factor of 17580?
False
Is 532052 a multiple of 26?
False
Does 249 divide 1175031?
True
Is 36 a factor of 320259?
False
Does 66 divide 21377?
False
Is 24 a factor of 184645?
False
Does 9 divide 15445124?
False
Does 1983 divide 3702865?
False
Is 2536065 a multiple of 344?
False
Is 3204099 a multiple of 77?
False
Is 652827 a multiple of 147?
True
Does 116 divide 109620?
True
Does 917 divide 6096288?
False
Is 364155 a multiple of 896?
False
Does 9 divide 1183059?
True
Does 693 divide 425502?
True
Is 93 a factor of 31822926?
True
Is 32 a factor of 2677216?
True
Is 6 a factor of 203188?
False
Does 10 divide 4832279?
False
Is 7 a factor of 3375650?
False
Is 3 a factor of 3675188?
False
Does 20 divide 11397098?
False
Does 226 divide 721901?
False
Is 54 a factor of 105743?
False
Is 404 a factor of 7820298?
False
Does 7 divide 417424?
True
Is 97024 a multiple of 82?
False
Does 5 divide 78097?
False
Is 8 a factor of 284737?
False
Is 2182512 a multiple of 123?
True
Is 119416 a multiple of 23?
True
Does 1138 divide 6741512?
True
Does 570 divide 6284820?
True
Is 258834 a multiple of 179?
True
Is 5 a 